
Calculate the remainder when 125362 is divided by 2017.
308
What is the remainder when 1781592 is divided by 356305?
67
Calculate the remainder when 65175 is divided by 7120.
1095
What is the remainder when 42453251 is divided by 8490645?
26
Calculate the remainder when 205150 is divided by 68383.
1
What is the remainder when 42666850 is divided by 205?
200
Calculate the remainder when 4662796 is divided by 537.
25
What is the remainder when 5844489 is divided by 1948146?
51
Calculate the remainder when 922502 is divided by 195.
152
Calculate the remainder when 828097 is divided by 643.
556
Calculate the remainder when 762838731 is divided by 1006.
1003
Calculate the remainder when 1539415875 is divided by 14.
11
What is the remainder when 5127703 is divided by 1770?
13
What is the remainder when 3338480 is divided by 3445?
275
What is the remainder when 3538686 is divided by 32?
30
Calculate the remainder when 3550183 is divided by 591693.
25
Calculate the remainder when 1371457 is divided by 54858.
7
Calculate the remainder when 675146 is divided by 44.
10
What is the remainder when 9669029 is divided by 909?
905
What is the remainder when 5319712 is divided by 7800?
112
What is the remainder when 101469333 is divided by 16833?
9
Calculate the remainder when 66421607 is divided by 5277.
8
Calculate the remainder when 406804 is divided by 271.
33
What is the remainder when 976420 is divided by 4766?
4156
Calculate the remainder when 82573455 is divided by 4343.
4339
What is the remainder when 1933135 is divided by 13518?
61
Calculate the remainder when 835562 is divided by 278494.
80
What is the remainder when 74371 is divided by 24246?
1633
Calculate the remainder when 563186 is divided by 1951.
1298
Calculate the remainder when 1872623 is divided by 32851.
116
Calculate the remainder when 298432506 is divided by 309.
306
Calculate the remainder when 415960 is divided by 415666.
294
What is the remainder when 121181 is divided by 120739?
442
Calculate the remainder when 70555 is divided by 3712.
27
What is the remainder when 999133 is divided by 333038?
19
Calculate the remainder when 190426 is divided by 190363.
63
What is the remainder when 3783530 is divided by 252?
2
What is the remainder when 815101294 is divided by 17?
16
What is the remainder when 32533357 is divided by 247?
246
What is the remainder when 1370558 is divided by 114213?
2
What is the remainder when 11128592 is divided by 2782146?
8
Calculate the remainder when 89787260 is divided by 1215.
1190
Calculate the remainder when 5491858 is divided by 610.
28
Calculate the remainder when 20974091 is divided by 404.
27
What is the remainder when 170744543 is divided by 34148907?
8
Calculate the remainder when 64187 is divided by 1381.
661
What is the remainder when 302180 is divided by 2586?
2204
What is the remainder when 99070 is divided by 4725?
4570
Calculate the remainder when 634830 is divided by 1424.
1150
What is the remainder when 167382575 is divided by 584?
583
Calculate the remainder when 44453461 is divided by 237719.
8
Calculate the remainder when 3315122 is divided by 3315087.
35
What is the remainder when 1184072 is divided by 591820?
432
Calculate the remainder when 3376813 is divided by 8040.
13
What is the remainder when 209555 is divided by 1162?
395
Calculate the remainder when 52280706 is divided by 137.
136
What is the remainder when 11902 is divided by 2909?
266
What is the remainder when 33763328 is divided by 10955?
18
What is the remainder when 20528 is divided by 6024?
2456
What is the remainder when 38314 is divided by 1036?
1018
What is the remainder when 17826002 is divided by 117?
116
What is the remainder when 177249935 is divided by 24?
23
Calculate the remainder when 5322787 is divided by 131.
126
Calculate the remainder when 1059078 is divided by 54.
30
What is the remainder when 23353 is divided by 1894?
625
What is the remainder when 209027 is divided by 1593?
344
Calculate the remainder when 19217740 is divided by 112.
108
Calculate the remainder when 33160742 is divided by 38559.
2
What is the remainder when 24142547 is divided by 138?
137
Calculate the remainder when 282909 is divided by 70718.
37
Calculate the remainder when 2212022 is divided by 19.
4
Calculate the remainder when 149813 is divided by 21052.
2449
What is the remainder when 1215 is divided by 1042?
173
What is the remainder when 577395 is divided by 7?
0
Calculate the remainder when 474247 is divided by 220.
147
What is the remainder when 4837172 is divided by 668?
184
Calculate the remainder when 522909 is divided by 7064.
173
Calculate the remainder when 7115034 is divided by 96.
90
What is the remainder when 6914048 is divided by 15?
8
Calculate the remainder when 12018693 is divided by 421.
406
What is the remainder when 2419437 is divided by 127318?
395
What is the remainder when 78536385 is divided by 7375?
10
What is the remainder when 103889598 is divided by 50?
48
Calculate the remainder when 12085142 is divided by 97.
9
What is the remainder when 71406 is divided by 1971?
450
Calculate the remainder when 1154552 is divided by 5370.
2
What is the remainder when 459887 is divided by 67?
66
Calculate the remainder when 20051542 is divided by 28.
14
What is the remainder when 77991370 is divided by 939655?
5
What is the remainder when 16555162 is divided by 4726?
4710
Calculate the remainder when 6359 is divided by 6310.
49
What is the remainder when 6875598 is divided by 263?
252
What is the remainder when 43678 is divided by 3665?
3363
Calculate the remainder when 105620 is divided by 21119.
25
Calculate the remainder when 89573 is divided by 1066.
29
Calculate the remainder when 4076511 is divided by 420.
411
Calculate the remainder when 32518759 is divided by 6244.
7
Calculate the remainder when 36716521 is divided by 18358233.
55
Calculate the remainder when 10392205 is divided by 2925.
2605
Calculate the remainder when 91991 is divided by 1976.
1095
Calculate the remainder when 110153 is divided by 12230.
83
What is the remainder when 2712475 is divided by 2384?
1867
Calculate the remainder when 572234 is divided by 15465.
29
What is the remainder when 201027 is divided by 200946?
81
What is the remainder when 275571 is divided by 68551?
1367
What is the remainder when 16752665 is divided by 25?
15
What is the remainder when 57527693 is divided by 1506?
1505
What is the remainder when 2705703 is divided by 87?
3
What is the remainder when 1833401 is divided by 7392?
185
Calculate the remainder when 177618 is divided by 1949.
259
What is the remainder when 1164113 is divided by 1934?
1779
What is the remainder when 39169 is divided by 329?
18
What is the remainder when 168232 is divided by 12926?
194
Calculate the remainder when 7876311 is divided by 3937442.
1427
Calculate the remainder when 15092987 is divided by 7546488.
11
Calculate the remainder when 222738 is divided by 55377.
1230
Calculate the remainder when 37591 is divided by 12478.
157
Calculate the remainder when 18840433 is divided by 61170.
73
What is the remainder when 48971358 is divided by 499?
496
What is the remainder when 106812189 is divided by 48?
45
What is the remainder when 113667 is divided by 279?
114
What is the remainder when 2107658 is divided by 488?
474
What is the remainder when 660789 is divided by 30035?
19
What is the remainder when 848811 is divided by 7316?
155
What is the remainder when 175227 is divided by 87585?
57
What is the remainder when 27724472 is divided by 157?
156
What is the remainder when 5611116 is divided by 1097?
1058
What is the remainder when 93750 is divided by 46848?
54
Calculate the remainder when 187052 is divided by 224.
12
Calculate the remainder when 3137416 is divided by 418.
326
What is the remainder when 1270946 is divided by 6262?
6022
Calculate the remainder when 865168 is divided by 304.
288
What is the remainder when 1912772 is divided by 956380?
12
Calculate the remainder when 541514 is divided by 7122.
242
Calculate the remainder when 12379907 is divided by 1704.
347
What is the remainder when 79301353 is divided by 26433776?
25
Calculate the remainder when 12890 is divided by 2150.
2140
Calculate the remainder when 169092 is divided